-17
Let u(i) = -2*i**2 + 50*i + 108. Calculate u(27).
0
Let o(m) = -m**3 - 3*m**2 + 10*m + 8. Calculate o(-3).
-22
Let m(w) = w**3 + 5*w**2 + 5*w - 2. Calculate m(-2).
0
Let h(n) = 23*n + 17. Determine h(5).
132
Let i(l) = l**2 + 6*l - 6. Calculate i(-6).
-6
Let z(f) = f**2 - 10*f - 14. Give z(11).
-3
Let w(r) = -r**2 - 11*r + 3. What is w(-12)?
-9
Let n(g) = -g**3 - 15*g**2 - 15*g - 13. What is n(-14)?
1
Let w(i) = 68*i + 66. What is w(-1)?
-2
Let y(v) = -v**3 - 24*v**2 + 2*v - 68. Determine y(-24).
-116
Let j(w) = -3*w + 6. Calculate j(-9).
33
Let j(k) = -k**3 + 12*k**2 - 47*k + 79. Calculate j(7).
-5
Let u(c) = c**2 + 19*c + 6. What is u(-21)?
48
Let g(p) = -p - 1. Calculate g(-12).
11
Let a(r) = -r + 1. Calculate a(6).
-5
Let z(k) = -k**2 + 7*k + 12. What is z(9)?
-6
Let l(j) = -78*j - 463. Determine l(-6).
5
Let k(a) = a**3 - 22*a**2 - 4*a + 90. What is k(22)?
2
Let n(t) = -4*t**2 - 2. Determine n(3).
-38
Let k(x) = -22*x**3 + 4*x**2 - 5. Calculate k(-2).
187
Let j(g) = -22*g - 209. What is j(-12)?
55
Let w(z) = -z + 28. Give w(19).
9
Let i(f) = -f**2 + 9*f + 357. Calculate i(-15).
-3
Let m(f) = 2*f**3 + 9*f**2 - 5*f + 4. What is m(-5)?
4
Let w(q) = -5*q**2 - 2*q + 1. Determine w(1).
-6
Let p(k) = -k**2 - 6*k + 13. What is p(-6)?
13
Let y(j) = -6*j**2 + 2*j + 1. Give y(3).
-47
Let u(f) = -7*f + 28. What is u(10)?
-42
Let h(d) = 3*d - 7. Give h(3).
2
Let m(k) = -4*k**3 + 6*k - 9. Determine m(2).
-29
Let d(t) = t**2 + 3*t - 1. What is d(0)?
-1
Let b(a) = -70*a - 282. What is b(-4)?
-2
Let n(r) = -r**3 - 9*r**2 + 20. Calculate n(-6).
-88
Let s(a) = 15*a - 50. Give s(3).
-5
Let n(a) = -a**3 + 26*a**2 - 27*a + 56. Calculate n(25).
6
Let y(c) = -c**2 - 2*c - 7. What is y(-3)?
-10
Let d(s) = -2*s**3 - 13*s**2 - 5*s - 3. Determine d(-6).
-9
Let n(i) = -i**3 - 3*i**2 + 2*i + 1. What is n(3)?
-47
Let n(b) = b**3 + 14*b**2 - 16*b - 10. Calculate n(-15).
5
Let b(h) = -3*h - 25. Determine b(-9).
2
Let n(x) = x**3 + 12*x**2 - 6*x - 20. Calculate n(-12).
52
Let f(p) = -2*p**2 + 7*p - 13. What is f(4)?
-17
Let b(t) = -t**2 - 15*t - 46. Give b(-5).
4
Let r(g) = -g**3 - 2*g**2 + 2*g - 5. What is r(0)?
-5
Let d(s) = -2*s + 28. Give d(9).
10
Let c(t) = t**3 - 3*t**2 - 3. Determine c(7).
193
Let y(r) = 2*r**2 - 5. Determine y(-5).
45
Let x(q) = q**2 + 10*q - 4. Determine x(-8).
-20
Let j(m) = 6*m - 122. What is j(19)?
-8
Let s(u) = u**2 - 19*u + 72. Give s(11).
-16
Let r(b) = -b - 2. Determine r(7).
-9
Let m(p) = -2*p**2 - 47*p + 317. What is m(-29)?
-2
Let n(o) = o**2 + 7*o + 10. Calculate n(-7).
10
Let g(y) = 14*y + 11. Calculate g(4).
67
Let c(r) = -r**2 - 17*r - 69. Give c(-8).
3
Let v(d) = -d**3 - 6*d**2 - 5*d + 4. Determine v(-4).
-8
Let i(w) = -8*w**2 - 3*w + 2. Give i(-1).
-3
Let w(s) = s**2 + 5*s - 62. Give w(6).
4
Let s(v) = v**3 - 6*v**2 - 3. Determine s(6).
-3
Let v(i) = i**3 + 1. Determine v(-4).
-63
Let t(x) = -x**2 - 15*x - 52. Determine t(-10).
-2
Let t(z) = -z**3 - 11*z**2 - 5*z - 58. Determine t(-11).
-3
Let x(v) = 2*v**2 + 63*v + 78. Determine x(-30).
-12
Let m(v) = 2*v + 39. Determine m(-18).
3
Let j(y) = -y - 10. Give j(2).
-12
Let b(a) = a**3 + 14*a**2 - 12*a + 9. Calculate b(-15).
-36
Let p(y) = y**2 - 40*y - 220. What is p(-5)?
5
Let j(u) = 7*u - 35. What is j(4)?
-7
Let x(b) = -2*b - 38. Determine x(-9).
-20
Let u(a) = -2*a**2 - 14*a + 7. Determine u(-7).
7
Let r(g) = 9*g + 50. Give r(-7).
-13
Let v(t) = -4*t - 1. What is v(1)?
-5
Let i(m) = m - 18. Determine i(18).
0
Let y(a) = -a**3 - 8*a**2 - 9*a - 8. Give y(-6).
-26
Let k(g) = 4*g**2 + 9*g + 3. Calculate k(-2).
1
Let x(k) = -k**3 - 3*k**2 + 17*k - 1. Determine x(-6).
5
Let g(d) = 2*d - 6. What is g(0)?
-6
Let m(i) = -38*i**2 + 12*i + 12. Determine m(-1).
-38
Let s(f) = -4*f + 41. What is s(14)?
-15
Let t(i) = -i**2 + 17*i - 48. Give t(13).
4
Let k(m) = 50*m - 792. Determine k(16).
8
Let s(m) = -8*m + 56. What is s(9)?
-16
Let g(z) = -3*z**2 - 8*z + 2. Give g(-4).
-14
Let p(a) = a**3 + 3*a**2 - 2*a - 1. Calculate p(-3).
5
Let j(g) = -g**3 + 8*g**2 - 2*g + 9. Calculate j(6).
69
Let x(v) = -v**2 + 8*v + 1. Calculate x(6).
13
Let n(f) = f**2 - 11*f + 18. Calculate n(10).
8
Let o(k) = -k**3 + 7*k**2 + 5*k - 74. Give o(6).
-8
Let b(x) = x**3 + 15*x**2 + 8*x - 10. Give b(-15).
-130
Let k(p) = p**3 - 19*p**2 - 20*p + 4. What is k(20)?
4
Let p(g) = -10*g - 7. Give p(1).
-17
Let v(o) = -o**3 - 8*o**2 + 9*o + 9. Calculate v(-9).
9
Let d(o) = -o**2 + 12*o + 22. Determine d(14).
-6
Let f(s) = -s**3 - 4*s**2 + 2*s + 6. Calculate f(-4).
-2
Let u(s) = -s**2 + 7*s - 10. Give u(7).
-10
Let y(h) = -h**3 + 17*h**2 + 17*h + 13. Determine y(18).
-5
Let l(x) = -3*x + 30. What is l(15)?
-15
Let p(m) = 27*m + 293. Give p(-11).
-4
Let l(g) = 28*g + 1. Give l(1).
29
Let m(n) = n + 23. Give m(-15).
8
Let h(q) = q**3 + 8*q**2 - 8*q - 5. Calculate h(-9).
-14
Let h(b) = b - 2. What is h(1)?
-1
Let a(k) = -k**2 - 2*k - 9. Give a(-6).
-33
Let q(f) = -17*f + 8. What is q(-1)?
25
Let m(d) = 2*d**2 - 4*d + 7. Determine m(3).
13
Let a(c) = -c**2 + 7*c + 5. Give a(9).
-13
Let f(x) = 3*x + 84. Determine f(-22).
18
Let u(o) = 2*o**2 + 2*o - 9. What is u(-6)?
51
Let k(b) = 43*b + 122. What is k(-3)?
-7
Let w(u) = -u**3 + 5*u**2 + 2. Give w(5).
2
Let v(i) = -8*i. What is v(-2)?
16
Let w(k) = k**3 - 7*k**2 - 11*k - 6. Determine w(8).
-30
Let p(j) = 6*j + 52. Calculate p(-12).
-20
Let p(j) = 6*j**3 - 3*j - 3. Give p(-2).
-45
Let z(m) = m**3 + m**2 - 6. Determine z(-4).
-54
Let z(a) = -a**3 + 10*a**2 - 14*a - 17. Determine z(8).
-1
Let x(n) = n + 19. Give x(-18).
1
Let x(f) = f**2 - 5*f - 51. Determine x(11).
15
Let m(q) = 2*q**3 + 3*q**2 + 6*q - 6. Calculate m(-4).
-110
Let v(r) = 7*r**3 + r**2 + r - 1. Give v(1).
8
Let h(f) = -6*f - 17. What is h(6)?
-53
Let p(y) = -y**2 - 7*y - 27. What is p(5)?
-87
Let d(z) = z**3 + 8*z**2 - 9*z + 1. What is d(-9)?
1
Let d(x) = -x**3 + x**2 + 64. Determine d(0).
64
Let k(v) = -30*v**3 - 4*v**2 - 2*v. Determine k(-1).
28
Let i(w) = w**3 - 9*w**2 - 21*w - 8. What is i(11)?
3
Let f(p) = -2*p + 13. Give f(8).
-3
Let k(y) = -y - 7. What is k(-30)?
23
Let s(v) = v**3 - 3*v**2 - 8*v + 11. Calculate s(6).
71
Let x(z) = -2*z**2 + z - 1. Calculate x(-4).
-37
Let s(u) = 3*u + 29. Determine s(-16).
-19
Let r(n) = -n**3 - 25*n**2 - 32*n - 24. Calculate r(-24).
168
Let f(l) = 4*l + 10. Determine f(7).
38
Let o(l) = -57*l - 397. Give o(-7).
2
Let r(d) = 3*d**3 - d**2 + 2*d - 1. Determine r(2).
23
Let l(f) = -f**3 + 6*f**2 + f + 4. Give l(7).
-38
Let h(u) = -32*u - 38. Give h(-3).
58
Let b(f) = -f**2 + f + 28. What is b(-4)?
8
Let c(f) = -3*f + 45. Give c(10).
15
Let q(x) = x**2 - 37. What is q(0)?
-37
Let g(c) = 2*c - 3. Give g(3).
3
Let f(n) = -n**3 + 8*n**2 + 37*n - 255. Determine f(9).
-3
Let h(z) = z**2 - 26*z - 27. What is h(27)?
0
Let f(r) = -r**3 - 7*r**2 + 7*r - 7. Determine f(-8).
1
Let r(f) = -5*f**2 - 10*f - 8. Calculate r(-5).
-83
Let b(y) = y**2 - 11*y + 41. Calculate b(7).
13
Let u(h) = -h**3 - 15*h**2 - 16*h - 21. Determine u(-14).
7
Let m(a) = -11*a - 12. Determine m(-2).
10
Let t(k) = -3*k**2 + k. What is t(-1)?
-4
Let g(r) = 2*r**2 + r - 6. What is g(-2)?
0
Let b(y) = -y**2 + 15*y + 5. Determine b(17).
-29
Let h(r) = -2*r**3 - 6*r**2 + 20*r + 2. Calculate h(-5).
2
Let w(g) = g**3 + 8*g**2 + 3. Calculate w(-8).
3
Let u(n) = 49*n + 1139. Determine u(-23).
12
Let c(s) = -s**3 + 4*s**2 + s - 4. Give c(3).
8
Let o(w) = w**2 - 6*w + 1. Determine o(2).
-7
Let x(h) = -3*h**2 - 10*h - 2. What is x(-4)?
-10
Let k(b) = 8*b**2 + 2*b - 2. Determine k(1).
8
Let v(c) = -3*c**2 + 18*c + 2. Give v(4).
26
Let k(q) = 2*q - 15. Give k(-16).
-47
Let f(s) = 2*s + 37. Calculate f(-10).
17
Let w(m) = m - 22. Calculate w(-15).
-37
Let u(d) = -d**3 - 7*d**2 - 8*d - 8. Give u(-6).
4
Let v(o) = -o - 50. What is v(0)?
-50
Let r(o) = -o**3 + 2*o**2 + 15*o + 8. Give r(6).
-46
Let d(c) = -2*c - 11. Calculate d(-8).
5
Let m(g) = g**2 - 2*g - 3. Give m(4).
5
Let w(t) = -t**3 + 8*t**2 - 18*t + 34. Determine w(6).
-2
Let h(c) = -15*c - 14. What is h(0)?
-14
Let x(y) = -y**2 + 36*y - 64. Calculate x(34).
4
Let k(p) = 5*p**3 + p**2 + 19*p + 19. Determine k(-1).
-4
Let d(b) = 7*b + 33. Give d(-5).
-2
Let a(w) = -w**3 + 4*w**2 + 5*w + 6. What is a(5)?
6
Let d(t) = t**3 + 4*t**2 - 11*t - 41. Determine d(-3).
1
Let h(d) 